{"id":5721,"date":"2024-04-12T16:35:09","date_gmt":"2024-04-12T16:35:09","guid":{"rendered":"https:\/\/quadrina.pt\/store\/?post_type=product&#038;p=5721"},"modified":"2024-05-03T16:27:55","modified_gmt":"2024-05-03T16:27:55","slug":"quadro-eletrico-de-distribuicao-urbana","status":"publish","type":"product","link":"https:\/\/quadrina.pt\/store\/produto\/quadro-eletrico-de-distribuicao-urbana\/","title":{"rendered":"Quadro El\u00e9trico de Distribui\u00e7\u00e3o Urbana"},"content":{"rendered":"<h4>C\u00f3digos<\/h4>\n<ul>\n<li>Quadro el\u00e9trico QDR.URBAN2 Quadrina<\/li>\n<li>pSSO70.22.22.108-20<\/li>\n<\/ul>\n<h4>Caracter\u00edsticas T\u00e9cnicas<\/h4>\n<ul>\n<li>Un: 400V<\/li>\n<li>In: 63A<\/li>\n<li>Icc: 6kA<\/li>\n<li>Fq: 50Hz<\/li>\n<li>IP: 65<\/li>\n<li>IK: 10<\/li>\n<li>Classe de Isolamento: II<\/li>\n<li>Norma: EN 61439-1\/3<\/li>\n<li>Montagem: Saliente<\/li>\n<li>Peso: 30 kg<\/li>\n<li>Dimens\u00f5es: 500*500*420 mm<\/li>\n<\/ul>\n<h4>Constituintes<\/h4>\n<ul>\n<li>1x Tomadas CEE 316A 5P<\/li>\n<li>11x Tomada CEE 16A 3P<\/li>\n<\/ul>\n","protected":false},"excerpt":{"rendered":"<p>O primeiro quadro de distribui\u00e7\u00e3o urbana de 63A. Compacto e resistente, \u00e9 ideal para espa\u00e7os p\u00fablicos. \u00c9 um produto standard com stock garantido. Inclui pedestal.<\/p>\n<ul>\n<li>Distribui\u00e7\u00e3o Urbana, 63A<\/li>\n<li>Compacto e resistente<\/li>\n<li>Produto standard com stock garantido<\/li>\n<li>Quadro El\u00e9trico de Distribui\u00e7\u00e3o Urbana<\/li>\n<li>URBAN2<\/li>\n<li>30kg<\/li>\n<\/ul>\n<p><strong>Obs:<\/strong> Pre\u00e7o sob consulta<\/p>\n","protected":false},"featured_media":5730,"template":"","meta":{"inline_featured_image":false},"product_cat":[84,40],"product_tag":[],"_links":{"self":[{"href":"https:\/\/quadrina.pt\/store\/wp-json\/wp\/v2\/product\/5721"}],"collection":[{"href":"https:\/\/quadrina.pt\/store\/wp-json\/wp\/v2\/product"}],"about":[{"href":"https:\/\/quadrina.pt\/store\/wp-json\/wp\/v2\/types\/product"}],"version-history":[{"count":2,"href":"https:\/\/quadrina.pt\/store\/wp-json\/wp\/v2\/product\/5721\/revisions"}],"predecessor-version":[{"id":5724,"href":"https:\/\/quadrina.pt\/store\/wp-json\/wp\/v2\/product\/5721\/revisions\/5724"}],"wp:featuredmedia":[{"embeddable":true,"href":"https:\/\/quadrina.pt\/store\/wp-json\/wp\/v2\/media\/5730"}],"wp:attachment":[{"href":"https:\/\/quadrina.pt\/store\/wp-json\/wp\/v2\/media?parent=5721"}],"wp:term":[{"taxonomy":"product_cat","embeddable":true,"href":"https:\/\/quadrina.pt\/store\/wp-json\/wp\/v2\/product_cat?post=5721"},{"taxonomy":"product_tag","embeddable":true,"href":"https:\/\/quadrina.pt\/store\/wp-json\/wp\/v2\/product_tag?post=5721"}],"curies":[{"name":"wp","href":"https:\/\/api.w.org\/{rel}","templated":true}]}}